me number?
True
Is 121321 prime?
True
Is 209 prime?
False
Is 315881 composite?
False
Is 63911 a composite number?
True
Is 50207 composite?
False
Is 131185 prime?
False
Is 93649 a composite number?
True
Is 73615 a prime number?
False
Is 19531 a prime number?
True
Is 5191 a prime number?
False
Is 2705 composite?
True
Is 69809 prime?
True
Is 2193661 composite?
False
Is 122471 composite?
False
Is 737671 a prime number?
False
Is 36969 a prime number?
False
Is 23813 prime?
True
Is 30151 composite?
True
Is 139133 composite?
False
Is 14143 prime?
True
Is 180346 prime?
False
Is 1383 a composite number?
True
Is 18463 a prime number?
False
Is 3389 prime?
True
Is 95063 a composite number?
False
Is 71569 prime?
True
Is 149233 a composite number?
True
Is 13543 composite?
True
Is 48467 prime?
False
Is 351446 a prime number?
False
Is 379 prime?
True
Is 6247 a prime number?
True
Is 16327 a composite number?
True
Is 6407 a prime number?
False
Is 300309 prime?
False
Is 27509 prime?
True
Is 384227 prime?
True
Is 1797371 a composite number?
False
Is 32117 prime?
True
Is 23117 composite?
False
Is 691871 prime?
True
Is 55439 prime?
True
Is 40159 a composite number?
True
Is 2199 a prime number?
False
Is 42509 a composite number?
False
Is 288781 a prime number?
False
Is 590171 a prime number?
True
Is 11777 a composite number?
False
Is 5645 a prime number?
False
Is 634631 a prime number?
False
Is 16721 a prime number?
False
Is 42649 prime?
True
Is 1194833 prime?
False
Is 10513 prime?
True
Is 123659 composite?
True
Is 2106503 a prime number?
False
Is 31839 composite?
True
Is 227027 a prime number?
True
Is 630733 a prime number?
True
Is 188049 prime?
False
Is 125093 composite?
False
Is 16087 a prime number?
True
Is 227729 a composite number?
False
Is 5597 a composite number?
True
Is 296165 a composite number?
True
Is 10213 prime?
False
Is 191227 a composite number?
False
Is 31307 a composite number?
False
Is 4777 a composite number?
True
Is 899 composite?
True
Is 471373 composite?
True
Is 505315 composite?
True
Is 42523 prime?
False
Is 74561 a composite number?
False
Is 5669 a composite number?
False
Is 10490627 composite?
True
Is 152363 a composite number?
False
Is 237701 prime?
True
Is 157229 prime?
True
Is 661145 a composite number?
True
Is 9287 a prime number?
False
Is 261577 composite?
False
Is 100903 prime?
False
Is 1343 a prime number?
False
Is 459547 a prime number?
False
Is 102437 a composite number?
False
Is 2127 a prime number?
False
Is 60247 prime?
False
Is 5471 a composite number?
False
Is 27923 a prime number?
False
Is 23843 a composite number?
True
Is 53947 a prime number?
False
Is 745 prime?
False
Is 191599 prime?
True
Is 12589 composite?
False
Is 185947 a prime number?
True
Is 490279 a prime number?
False
Is 33447 prime?
False
Is 244193 a composite number?
True
Is 393709 composite?
False
Is 2053 a prime number?
True
Is 4393 composite?
True
Is 3251 composite?
False
Is 2081 a prime number?
True
Is 36659 a prime number?
False
Is 24699 composite?
True
Is 196795 composite?
True
Is 11213 a prime number?
True
Is 86153 a prime number?
False
Is 66217 a composite number?
True
Is 96983 a prime number?
False
Is 85637 composite?
True
Is 4201 prime?
True
Is 3761 a prime number?
True
Is 10513 composite?
False
Is 132887 a prime number?
True
Is 24317 a prime number?
True
Is 2473 a prime number?
True
Is 102761 prime?
True
Is 6469 a composite number?
False
Is 241349 a composite number?
True
Is 1256077 a prime number?
False
Is 173887 prime?
False
Is 43669 composite?
False
Is 28555 prime?
False
Is 397 a composite number?
False
Is 3730867 composite?
True
Is 40093 composite?
False
Is 24067 a composite number?
True
Is 23721 a prime number?
False
Is 4843 a prime number?
False
Is 62435 a prime number?
False
Is 87 a prime number?
False
Is 951259 a composite number?
False
Is 189638 prime?
False
Is 730003 a prime number?
True
Is 29482 a prime number?
False
Is 18805 prime?
False
Is 3793 a prime number?
True
Is 7069 a composite number?
False
Is 55201 composite?
False
Is 47189 prime?
True
Is 2929 prime?
False
Is 27143 prime?
True
Is 4703 a composite number?
False
Is 145001 a prime number?
False
Is 20122 prime?
False
Is 12085 prime?
False
Is 20807 a prime number?
True
Is 20219 a prime number?
True
Is 122099 composite?
False
Is 958601 a composite number?
True
Is 224571 a composite number?
True
Is 5339 composite?
True
Is 2980139 composite?
False
Is 65327 a composite number?
False
Is 20873 a composite number?
False
Is 6937 a composite number?
True
Is 11549 composite?
False
Is 938969 composite?
False
Is 268841 composite?
False
Is 6259 prime?
False
Is 249897 prime?
False
Is 76763 a prime number?
False
Is 1075181 composite?
True
Is 131009 a prime number?
True
Is 127 prime?
True
Is 57149 prime?
True
Is 542111 prime?
True
Is 5147 prime?
True
Is 377453 composite?
True
Is 835 a composite number?
True
Is 1361 a prime number?
True
Is 1897067 a prime number?
False
Is 751865 a composite number?
True
Is 1804697 composite?
True
Is 57473 a composite number?
True
Is 637543 a prime number?
True
Is 14143 composite?
False
Is 307 composite?
False
Is 4547 composite?
False
Is 19853 a prime number?
True
Is 403109 a prime number?
False
Is 57329 a composite number?
False
Is 6319 a prime number?
False
Is 11369 composite?
False
Is 985631 a composite number?
False
Is 30029 a composite number?
False
Is 101299 a prime number?
False
Is 2630123 composite?
True
Is 189983 composite?
False
Is 221281 prime?
True
Is 328699 a prime number?
False
Is 259499 composite?
False
Is 673 a prime number?
True
Is 46219 prime?
True
Is 20134 prime?
False
Is 419 composite?
False
Is 1499 a prime number?
True
Is 36437 prime?
False
Is 350123 a prime number?
False
Is 142733 a prime number?
True
Is 2081379 a prime number?
False
Is 3058697 a prime number?
True
Is 5021 prime?
True
Is 4369 a composite number?
True
Is 2700899 composite?
False
Is 164809 a prime number?
True
Is 3983 a prime number?
False
Is 5269 a composite number?
True
Is 104861 composite?
True
Is 2777 prime?
True
Is 10589 a prime number?
True
Is 430057 composite?
False
Is 110613 prime?
False
Is 9413 a prime number?
True
Is 5207 composite?
True
Is 1783959 prime?
False
Is 103067 a composite number?
False
Is 2889563 a composite number?
True
Is 301123 composite?
False
Is 2359 prime?
False
Is 5981 a prime number?
True
Is 40087 prime?
True
Is 25703 a prime number?
True
Is 10589 composite?
False
Is 531273 composite?
True
Is 9757 composite?
True
Is 625169 a prime number?
True
Is 5171 composite?
False
Is 16279 composite?
True
Is 7373 composite?
True
Is 72859 a composite number?
False
Is 179885 a prime number?
False
Is 98773 a composite number?
False
Is 22609 composite?
True
Is 1379 a composite number?
True
Is 80039 prime?
True
Is 161081 composite?
True
Is 15233 prime?
True
Is 159721 a prime number?
True
Is 6995 prime?
False
Is 291457 composite?
False
Is 185051 prime?
True
Is 192137 a composite number?
True
Is 2865413 a composite number?
False
Is 553162 composite?
True
Is 23979 composite?
True
Is 220643 prime?
False
Is 518061 prime?
False
Is 354967 composite?
True
Is 1894 a composite number?
True
Is 339191 prime?
False
Is 45742 a prime number?
False
Is 619 a prime number?
True
Is 135553 prime?
False
Is 21767 prime?
True
Is 305917 a composite number?
False
Is 159019 composite?
True
Is 118 prime?
False
Is 774977 a prime number?
False
Is 700691 prime?
False
Is 2741 composite?
False
Is 2342062 prime?
False
Is 39533 a composite number?
True
Is 301783 a prime number?
False
Is 87613 prime?
True
Is 5437 a prime number?
True
Is 619247 prime?
True
Is 108179 prime?
True
Is 4367 a composite number?
True
Is 613 prime?
True
Is 12143 composite?
False
Is 18269 composite?
False
Is 734627 composite?
False
Is 817 prime?
False
Is 24247 a prime number?
True
Is 189866 composite?
True
Is 156049 composite?
True
Is 6937 a prime number?
False
Is 42663 a composite number?
True
Is 571601 composite?
False
Is 101833 composite?
False
Is 113933 a prime number?
True
Is 1134137 a composite number?
False
Is 1216453 composite?
True
Is 216773 composite?
True
Is 723755 a composite number?
True
Is 16369 composite?
False
Is 382021 prime?
True
Is 2326 a composite number?
True
Is 1709429 a prime number?
False
Is 113699 composit